e
Is 828 a factor of 7928928?
True
Is 91 a factor of 360269632?
False
Is 322 a factor of 39479454?
True
Does 2857 divide 929093543?
True
Does 31 divide 304225884?
False
Is 42 a factor of 26428999?
False
Is 16 a factor of 228343824?
True
Is 548 a factor of 71722240?
True
Is 117 a factor of 2645370?
True
Is 5569838315 a multiple of 365?
True
Is 2636 a factor of 556058928?
True
Does 666 divide 3363544422?
True
Is 177 a factor of 4725496617?
True
Does 1123 divide 91075558?
False
Does 8 divide 4985653759?
False
Does 50 divide 16267573?
False
Is 218 a factor of 1238875470?
True
Is 457 a factor of 25886537?
False
Does 37 divide 763473281?
True
Is 7436905 a multiple of 361?
False
Is 5 a factor of 1982210?
True
Is 2194568 a multiple of 23?
True
Does 3473 divide 724014976?
False
Is 3 a factor of 1615923407?
False
Does 13 divide 741926523?
True
Does 149 divide 14857258?
False
Is 1022511 a multiple of 57?
False
Does 765 divide 37077255?
True
Does 47 divide 4684952272?
False
Is 2077386542 a multiple of 7?
True
Is 96859752 a multiple of 1544?
True
Is 1841 a factor of 10175595?
False
Is 21331588 a multiple of 599?
True
Is 304 a factor of 98354336?
True
Is 359726619 a multiple of 25?
False
Does 1696 divide 550216320?
True
Does 3 divide 2985165?
True
Is 78 a factor of 149552364?
True
Is 770350 a multiple of 217?
True
Does 3115 divide 659729987?
False
Is 73213962 a multiple of 2218?
True
Does 41 divide 709240?
False
Is 14 a factor of 516545694?
True
Is 11 a factor of 44431896?
False
Is 161 a factor of 365839978?
True
Is 33 a factor of 919411663?
False
Is 360 a factor of 212216760?
True
Does 58 divide 30330114?
True
Does 35 divide 7084385?
True
Is 60886406 a multiple of 14?
True
Is 936 a factor of 301468019?
False
Does 828 divide 873830628?
True
Is 1367 a factor of 37161361?
False
Is 135 a factor of 1075811220?
True
Is 140792557 a multiple of 584?
False
Does 18 divide 49950198?
True
Does 132 divide 123342516?
True
Does 108 divide 28288440?
True
Does 75 divide 115204425?
True
Does 410 divide 580348030?
True
Is 298 a factor of 2333877806?
False
Is 40 a factor of 94097320?
True
Is 976010 a multiple of 5?
True
Is 31577936 a multiple of 208?
True
Is 441913659 a multiple of 231?
False
Does 21 divide 8589315?
True
Is 33155799 a multiple of 36?
False
Is 32 a factor of 384829505?
False
Is 41393067 a multiple of 3?
True
Is 122 a factor of 2269441742?
False
Is 2046 a factor of 239249052?
False
Does 22 divide 74265358?
False
Is 1145259 a multiple of 27?
True
Does 166 divide 5421062?
True
Does 16 divide 2256094960?
True
Does 808 divide 1390568?
True
Does 6 divide 881320536?
True
Does 720 divide 99097920?
True
Does 165 divide 499166781?
False
Is 2592 a factor of 104599711?
False
Does 93 divide 3694843?
False
Does 13 divide 1858137879?
True
Is 175 a factor of 36044225?
True
Is 3539483033 a multiple of 3249?
False
Is 1745 a factor of 414973607?
False
Does 2951 divide 621191789?
False
Is 635310 a multiple of 3?
True
Is 2579717822 a multiple of 1211?
False
Is 43854905 even?
False
Is 1544 a factor of 203420260?
False
Is 283 a factor of 12977814?
True
Does 24 divide 454534992?
True
Is 166236160 a multiple of 8?
True
Is 12 a factor of 24312654?
False
Is 390 a factor of 1190134140?
True
Is 3675 a factor of 3657177814?
False
Is 480128919 a multiple of 2838?
False
Is 163029328 a multiple of 1905?
False
Does 65 divide 12246185?
False
Is 10844961 a multiple of 1301?
False
Does 4 divide 17387244?
True
Is 24482250 a multiple of 45?
True
Does 129 divide 185234970?
True
Is 132742346 a multiple of 88?
False
Is 222 a factor of 2606502?
True
Does 152 divide 719324040?
True
Does 43 divide 3283809266?
False
Is 257 a factor of 271402331?
False
Is 222 a factor of 1117184308?
False
Is 28350756 a multiple of 494?
False
Is 1038008170 a multiple of 4853?
True
Is 75 a factor of 17617425?
True
Is 35932860 a multiple of 171?
False
Is 284764300 a multiple of 50?
True
Is 5783935 a multiple of 10?
False
Is 15508038 a multiple of 273?
True
Is 15717452 a multiple of 11?
False
Does 2 divide 99506123?
False
Does 1158 divide 83099959?
False
Does 1260 divide 403681159?
False
Does 15 divide 31813305?
True
Is 4463779 a multiple of 177?
False
Does 1567 divide 716360318?
True
Is 45177211 a multiple of 60?
False
Does 2457 divide 123267690?
True
Does 1442 divide 125390552?
True
Does 94 divide 85094915?
False
Is 108648156 a multiple of 323?
True
Does 4 divide 55836200?
True
Is 837248756 a multiple of 2462?
False
Does 106 divide 7043912?
True
Is 504 a factor of 74234664?
True
Does 59 divide 3329408999?
True
Is 8 a factor of 1306078528?
True
Is 3803035 a multiple of 9?
False
Is 152356963 a multiple of 11?
True
Is 164 a factor of 209639575?
False
Is 8 a factor of 1337881408?
True
Does 567 divide 4016061?
True
Is 298315500 a multiple of 2100?
True
Is 15 a factor of 390834561?
False
Is 85 a factor of 900178547?
False
Is 96188411 a multiple of 77?
False
Is 5 a factor of 5400184?
False
Does 35 divide 4136361319?
False
Is 33760540 a multiple of 10?
True
Is 4 a factor of 64089368?
True
Does 423 divide 47765583?
True
Is 2155 a factor of 16106021?
False
Does 19 divide 93404296?
False
Is 13454940 a multiple of 4?
True
Is 405948160 a multiple of 16?
True
Is 153306860 a multiple of 34?
False
Is 286578900 a multiple of 38?
True
Does 640 divide 1835953915?
False
Does 103 divide 125784939?
True
Does 173 divide 12714595?
False
Does 2 divide 54412580?
True
Is 100961846 a multiple of 57?
False
Is 1256125320 a multiple of 243?
True
Does 19 divide 734804?
False
Is 415 a factor of 402377360?
True
Is 12 a factor of 649826934?
False
Is 826 a factor of 49196314?
False
Is 10676901 a multiple of 17?
True
Is 15897051 a multiple of 601?
True
Is 375653878 a multiple of 3751?
False
Is 603 a factor of 916658642?
False
Is 8 a factor of 21052115?
False
Is 283 a factor of 155534504?
False
Is 429 a factor of 1948004487?
True
Does 2293 divide 983669839?
False
Does 244 divide 3377735920?
True
Does 346 divide 17950480?
True
Is 458 a factor of 14185634?
True
Is 43 a factor of 27558782?
False
Is 1492050 a multiple of 10?
True
Does 12 divide 29115448?
False
Does 20 divide 312138100?
True
Is 2630836117 a multiple of 13?
True
Is 13745550 a multiple of 3705?
True
Does 369 divide 1866984977?
False
Does 20 divide 8133593?
False
Is 111697671 a multiple of 3273?
True
Does 334 divide 125358003?
False
Is 35959590 a multiple of 30?
True
Is 426 a factor of 20053028?
False
Does 16 divide 30721184?
True
Is 14802642 a multiple of 6?
True
Does 23 divide 4639070?
False
Does 11 divide 81458080?
True
Does 4 divide 30213646?
False
Is 25 a factor of 142783240?
False
Does 39 divide 51201657?
True
Is 609 a factor of 46358298?
True
Is 611116716 a multiple of 322?
True
Does 870 divide 1181418240?
True
Is 8 a factor of 2117071031?
False
Is 418 a factor of 135688824?
False
Is 25541524 a multiple of 271?
False
Is 50328397 a multiple of 13?
False
Does 62 divide 14556236?
True
Is 1198 a factor of 52924547?
False
Is 117 a factor of 2012796213?
False
Is 22653075 a multiple of 113?
False
Is 618306142 a multiple of 12?
False
Is 574744324 a multiple of 10901?
True
Is 26372237 a multiple of 1098?
False
Is 5637737 a multiple of 26?
False
Is 107 a factor of 535837596?
True
Does 1372 divide 455239204?
True
Does 116 divide 164237208?
True
Is 8833471 a multiple of 127?
False
Is 28455275 a multiple of 12?
False
Does 17 divide 1312220531?
True
Is 52 a factor of 9264869?
False
Is 54600665 a multiple of 137?
True
Does 12 divide 1651860?
True
Is 565 a factor of 107414887?
False
Does 19 divide 2320607?
False
Is 580 a factor of 192867980?
True
Is 22 a factor of 269807152?
False
Does 9 divide 62899822?
False
Is 48 a factor of 140699088?
True
Does 18 divide 20851704?
True
Is 940640770 a multiple of 365?
True
Is 101 a factor of 26014166?
True
Is 14149392 a multiple of 248?
True
Is 38861687 a multiple of 82?
False
Is 4 a factor of 83581503?
False
Is 1570906610 a multiple of 65?
True
Is 8129352 a multiple of 913?
True
Is 20 a factor of 1750349480?
True
Does 70 divide 35855890?
True
Is 95 a factor of 154544480?
True
Is 399593397 a multiple of 4328?
False
Does 41 divide 18644463?
True
Is 36879155 a multiple of 344?
False
Is 7210315 a multiple of 2?
False
Does 315 divide 12700170?
True
Is 24 a factor of 32836699